6).
-765
Let m(y) = -4*y**2 - 294*y - 5295. What is m(-31)?
-25
Let c(p) = 4*p**2 - 677*p + 16293. Calculate c(140).
-87
Let j(g) = 11*g**3 - 561*g**2 - 39*g + 1595. What is j(51)?
-394
Let p(b) = -23423*b + 327890. Determine p(14).
-32
Let m(u) = 6*u**3 + u**2 + 28*u + 32. What is m(0)?
32
Let k(l) = 5*l**2 + 1973*l + 9752. What is k(-5)?
12
Let u(d) = 3*d**3 - 41*d**2 - 134*d - 118. Give u(-2).
-38
Let s(p) = -325*p**2 + 29257*p - 19. Give s(90).
611
Let o(n) = 2252811*n + 11264053. Give o(-5).
-2
Let p(x) = 607*x + 12667. Determine p(-21).
-80
Let o(w) = -w**3 + 307*w**2 - 4933*w + 59. What is o(17)?
8
Let t(y) = 431275*y - 7331667. Give t(17).
8
Let i(h) = -2218*h**2 + 24390*h + 34. Give i(11).
-54
Let o(k) = 10*k**2 - 454*k + 12. What is o(44)?
-604
Let k(g) = -g**2 - 66*g - 13. Determine k(-14).
715
Let c(q) = q**2 - 818*q + 166554. What is c(383)?
-51
Let x(f) = 109*f - 3752. Give x(34).
-46
Let i(a) = -987*a + 144109. Calculate i(146).
7
Let m(t) = -128*t**2 - 6673*t - 888. Give m(-52).
-4
Let o(v) = 2*v**3 - 11*v**2 + 287*v - 2156. Calculate o(8).
460
Let p(t) = t**3 - 66*t**2 + 357*t + 154. Give p(60).
-26
Let j(m) = 27*m + 2677. Determine j(-45).
1462
Let u(r) = -15*r**2 - 1623*r + 255. Determine u(-109).
-1053
Let m(t) = -476*t**2 + 7*t - 3. Determine m(-2).
-1921
Let h(y) = 36*y**2 + 836*y - 1284. Calculate h(-27).
2388
Let c(a) = 6236*a - 1546566. Determine c(248).
-38
Let u(f) = -3*f**2 - 82*f - 37. Calculate u(-28).
-93
Let i(z) = -66*z**3 - 862*z**2 - 67*z - 188. Calculate i(-13).
7
Let i(y) = -y**2 + 15203*y - 15203. Determine i(1).
-1
Let k(h) = h**3 + 189*h**2 + 75*h + 14405. Calculate k(-189).
230
Let c(y) = -23*y**3 + 2601*y**2 - 237*y + 493. Calculate c(113).
-750
Let k(m) = -32*m**3 + 14726*m**2 - 2760*m + 3. Determine k(460).
3
Let c(l) = -3833*l + 375631. What is c(98)?
-3
Let x(y) = 178*y**2 + 3185*y - 13. Calculate x(-18).
329
Let g(r) = 5*r**2 + 8796*r - 35240. What is g(4)?
24
Let n(h) = 99*h + 7. Give n(13).
1294
Let n(y) = -y**3 - 17*y**2 - 57*y + 51. Calculate n(-10).
-79
Let b(h) = h**3 - 38*h**2 - 269*h + 5983. Determine b(41).
-3
Let h(p) = p**3 + 289*p**2 + 542*p - 9206. Determine h(-287).
-22
Let z(k) = 3483*k + 48714. What is z(-14)?
-48
Let n(u) = -672*u**2 + 68543*u + 123. Determine n(102).
21
Let s(t) = 14*t**2 - 118*t - 57. Give s(18).
2355
Let d(f) = 153343*f + 153374. Calculate d(-1).
31
Let r(t) = 3*t**3 - 28*t**2 - 5682*t + 51214. What is r(9)?
-5
Let w(j) = -71*j**2 - 848*j - 733. Determine w(-11).
4
Let s(q) = -3813*q**2 - 19052*q + 13. Determine s(-5).
-52
Let o(p) = -2*p**2 - 540*p - 36309. Determine o(-126).
-21
Let f(w) = -w**3 + 10*w**2 - 74*w + 2552. Give f(16).
-168
Let j(u) = 2*u**3 + 91*u**2 - 335*u + 398. Calculate j(-49).
6
Let a(w) = 389*w - 11297. Calculate a(28).
-405
Let y(i) = i**2 - 11*i + 548. Give y(-27).
1574
Let c(z) = -178*z + 1119. Determine c(8).
-305
Let n(z) = z**3 + 18*z**2 + 69*z + 2757. Determine n(-19).
1085
Let m(v) = 786160*v - 1572341. Calculate m(2).
-21
Let p(t) = -280*t - 6766. What is p(-24)?
-46
Let w(m) = 3*m**2 + 95*m + 669. Calculate w(-16).
-83
Let q(u) = -13*u**2 - 230*u + 501. Give q(-20).
-99
Let y(z) = 10493*z - 461691. Determine y(44).
1
Let p(n) = -2*n**2 - 265*n + 1800. Give p(-139).
-7
Let l(k) = -2*k**3 - 83*k**2 + 845*k - 798. Give l(8).
-374
Let z(l) = 11507*l + 2439490. What is z(-212)?
6
Let m(h) = -4*h**2 + 956*h + 7929. Give m(-8).
25
Let l(v) = -2919*v - 1374911. What is l(-471)?
-62
Let t(s) = 104761*s - 3352355. Calculate t(32).
-3
Let x(j) = 231*j**2 - 457*j - 9. Give x(2).
1
Let y(g) = -2*g**2 + 5199*g - 1395636. Determine y(304).
28
Let t(u) = u**3 + 17*u**2 - 13774*u - 247614. Calculate t(-18).
-6
Let d(x) = -11562*x**3 + 46249*x**2 + 161*x - 659. Calculate d(4).
1
Let k(i) = -i**3 + 111*i**2 - 1458*i - 5771. What is k(95)?
119
Let p(k) = 17662*k - 723962. Calculate p(41).
180
Let u(b) = -312*b**2 + 8826*b + 17660. Determine u(-2).
-1240
Let a(z) = 7612*z + 83032. Give a(-11).
-700
Let a(k) = -k**3 + 16*k**2 + 14*k - 233. Give a(16).
-9
Let q(b) = 13*b**2 + 1337*b + 9425. Determine q(-7).
703
Let s(u) = 265*u - 3532. Determine s(13).
-87
Let r(m) = -9*m**3 - 6*m**2 + 153*m + 498. Give r(-3).
228
Let s(j) = -4*j**2 + 7*j + 1011. Calculate s(29).
-2150
Let z(k) = 5*k**3 - 22*k**2 + 53*k - 3. What is z(7)?
1005
Let x(r) = 3*r**3 - 106*r**2 - 9*r - 11216. What is x(38)?
-6
Let g(x) = 38*x**3 - 517*x - 2071. Give g(-4).
-2435
Let o(h) = -4*h**3 - 14*h**2 + 25733*h - 25720. What is o(1)?
-5
Let d(p) = p**3 + 75*p**2 + 896*p - 58. What is d(-15)?
2
Let h(l) = 8334*l - 49998. Give h(6).
6
Let d(u) = 7*u**3 + 31*u**2 + 5*u + 24. Give d(-4).
52
Let k(u) = -u**2 - 183836*u - 1838253. Give k(-10).
7
Let g(j) = j**3 - 33*j**2 + 47*j - 9. What is g(33)?
1542
Let b(s) = -1922*s + 18808. Calculate b(13).
-6178
Let t(n) = n**3 - 107*n**2 + 211*n - 812. Calculate t(105).
-707
Let l(n) = -3*n**2 - 41*n - 111. Calculate l(-10).
-1
Let g(u) = -185*u - 16401. Give g(-86).
-491
Let m(x) = 33823*x - 237147. Give m(7).
-386
Let d(x) = -x**2 + 215*x - 1276. Calculate d(6).
-22
Let y(l) = 2*l**3 - 90*l**2 + 661*l - 134. Determine y(9).
-17
Let x(a) = 17*a**3 - 11*a**2 + 252*a + 508. Calculate x(-2).
-176
Let w(n) = 75944*n + 759423. Determine w(-10).
-17
Let s(b) = 57935*b - 463485. Calculate s(8).
-5
Let d(l) = 5*l**3 - 842*l**2 + 318*l + 3025. Calculate d(168).
1
Let r(s) = 10311*s + 1216719. Calculate r(-118).
21
Let k(x) = 275*x - 3992. Determine k(12).
-692
Let d(g) = g**3 + 38*g**2 + 174*g - 3. What is d(-5)?
-48
Let k(w) = 2*w**3 + 1259*w**2 - 6982*w + 1942. Calculate k(-635).
37
Let y(l) = 268*l**3 + 17*l**2 + 25*l - 42. Calculate y(1).
268
Let z(d) = -d**3 + 348*d**2 + 1765*d + 40. Give z(353).
40
Let u(g) = -1339*g + 307982. Determine u(230).
12
Let c(x) = 2*x**3 + 27*x**2 - 1216*x + 76. Give c(19).
437
Let k(r) = r**3 + 104*r**2 - 1132*r - 209. What is k(-114)?
-1121
Let n(q) = -3*q**2 + 7971*q + 55990. Give n(-7).
46
Let l(u) = 17*u**2 - 2235*u - 986796. Give l(-184).
-4
Let z(y) = -2*y**2 - 9975*y - 1111173. Calculate z(-114).
-15
Let r(i) = -i**2 + 6655*i + 2540166. Calculate r(-362).
12
Let k(l) = -13*l**3 + 51*l**2 + 630*l + 245. Calculate k(-5).
-5
Let i(w) = -22362*w + 335338. Give i(15).
-92
Let a(z) = 2741*z - 54621. Give a(17).
-8024
Let n(i) = -3*i**3 - 106*i**2 - 264*i - 3862. What is n(-34)?
490
Let t(f) = 1755339*f - 3510665. What is t(2)?
13
Let b(u) = -10115*u + 81207. Calculate b(8).
287
Let y(h) = -515489*h + 60827691. Determine y(118).
-11
Let a(d) = -39*d - 10404. Determine a(-270).
126
Let y(r) = -r**2 + 715*r + 1600100. Calculate y(-957).
-4
Let i(t) = 3*t**3 - 70*t**2 + 151*t + 49. Calculate i(21).
133
Let c(k) = 337*k - 60060. Calculate c(179).
263
Let a(x) = -11297*x - 463178. Calculate a(-41).
-1
Let d(h) = -4*h**3 + 6178*h**2 + 6163*h - 23. Give d(-1).
-4
Let r(o) = -5*o**3 - 3*o**2 - 90*o + 378. What is r(7)?
-2114
Let q(m) = 2*m**2 - 112*m - 1113. Calculate q(61).
-503
Let z(n) = n**3 + 2709*n**2 + 8451*n + 996. What is z(-3)?
-3
Let p(g) = 103*g**3 + 3422*g**2 + 763*g + 102. What is p(-33)?
-30
Let a(b) = b**3 - 632*b**2 + 755*b - 78248. Determine a(631).
-4
Let g(n) = -n**2 + 1956*n - 374314. Give g(215).
1
Let k(z) = z**3 - 546*z**2 + 2204*z - 19510. Calculate k(542).
2
Let x(c) = 15495*c + 170457. Determine x(-11).
12
Let j(f) = 209*f**2 + 19009*f + 161. What is j(-91)?
1071
Let x(b) = 633*b + 16650. Give x(-26).
192
Let x(i) = -i**3 - 80*i**2 - 84*i - 329. Give x(-79).
66
Let n(a) = -20*a**2 - 142*a + 205. Give n(-7).
219
Let r(o) = o**3 + 292*o**2 - 443*o - 378590. Give r(-289).
0
Let t(f) = 11*f**3 + 250*f**2 - 63*f + 123. What is t(-23)?
-15
Let u(j) = -j**3 - 427*j**2 + 3556*j + 33044. Determine u(-435).
-16
Let b(h) = -13*h**2 + 352*h - 1841. Determine b(31).
-3422
Let v(f) = 193*f + 9286. Determine v(-48).
22
Let c(b) = -b**2 - 2717443*b + 10869792. Calculate c(4).
4
Let m(u) = 2*u**2 - 340*u - 4458. Calculate m(184).
694
Let l(w) = -1092*w + 7849. Calculate l(8).
-887
Let n(s) = 14635*s + 658576. Calculate n(-45).
1
Let q(k) = 3*k**3 + 70*k**2 - 42*k - 40. Calculate q(-23).
1455
Let d(n) = 5*n**2 - 4*n - 6780. Determine d(35).
-795
Let x(g) = g**2 - 488*g + 5750. Calculate x(13).
-425
Let g(s) = -s**3 -